{"id":12,"date":"2025-09-01T01:27:31","date_gmt":"2025-09-01T01:27:31","guid":{"rendered":"https:\/\/lb-solutions.online\/testwp4\/boutique\/"},"modified":"2025-09-01T01:27:57","modified_gmt":"2025-09-01T01:27:57","slug":"boutique","status":"publish","type":"page","link":"https:\/\/lb-solutions.online\/testwp4\/boutique\/","title":{"rendered":"Boutique"},"content":{"rendered":"<h5>D\u00e9couvrez notre univers<\/h5>\n<h2>Explorez nos services digitaux<\/h2>\n<p>Bienvenue sur notre site ! Nous sommes d\u00e9di\u00e9s \u00e0 aider les petites et moyennes entreprises \u00e0 \u00e9tablir leur pr\u00e9sence en ligne. Nos services incluent la cr\u00e9ation de sites web, la gestion des r\u00e9seaux sociaux, et bien plus encore. Explorez nos solutions et d\u00e9couvrez comment nous pouvons vous accompagner dans votre transformation digitale.<\/p>\n<p>\t\t\t\t\t\t\t\t<a href=\"#\"><br \/>\n\t\t\t\t\t\t\t\t\tD\u00e9couvrez<br \/>\n\t\t\t\t\t<\/a><br \/>\n\t\t\t\t\t\t\t\t\t\t\t\t\t\t<a href=\"#\"><br \/>\n\t\t\t\t\t\t\t\t\tNos offres<br \/>\n\t\t\t\t\t<\/a><\/p>\n<h2>D\u00e9couvrez nos produits phares<\/h2>\n<h5>Explorez notre s\u00e9lection de produits qui font la diff\u00e9rence.<\/h5>\n<p>\t\t\t\t\t\t\t\t\t\t\t\t\t\t\t<img loading=\"lazy\" decoding=\"async\" width=\"800\" height=\"800\" src=\"https:\/\/lb-solutions.online\/testwp4\/wp-content\/uploads\/2025\/09\/wireframe-img-1-e1708013680578-1024x1024.png\" alt=\"\" srcset=\"https:\/\/lb-solutions.online\/testwp4\/wp-content\/uploads\/2025\/09\/wireframe-img-1-e1708013680578-1024x1024.png 1024w, https:\/\/lb-solutions.online\/testwp4\/wp-content\/uploads\/2025\/09\/wireframe-img-1-e1708013680578-300x300.png 300w, https:\/\/lb-solutions.online\/testwp4\/wp-content\/uploads\/2025\/09\/wireframe-img-1-e1708013680578-150x150.png 150w, https:\/\/lb-solutions.online\/testwp4\/wp-content\/uploads\/2025\/09\/wireframe-img-1-e1708013680578-768x767.png 768w, https:\/\/lb-solutions.online\/testwp4\/wp-content\/uploads\/2025\/09\/wireframe-img-1-e1708013680578.png 1081w\" sizes=\"auto, (max-width: 800px) 100vw, 800px\" \/>\t\t\t\t\t\t\t\t\t\t\t\t\t\t\t\t<\/p>\n<h2>Produit 1<\/h2>\n<h2>22$<\/h2>\n<p>\t\t\t\t\t\t\t\t\t\t\t\t\t\t\t<img loading=\"lazy\" decoding=\"async\" width=\"800\" height=\"800\" src=\"https:\/\/lb-solutions.online\/testwp4\/wp-content\/uploads\/2025\/09\/wireframe-img-1-e1708013680578-1024x1024.png\" alt=\"\" srcset=\"https:\/\/lb-solutions.online\/testwp4\/wp-content\/uploads\/2025\/09\/wireframe-img-1-e1708013680578-1024x1024.png 1024w, https:\/\/lb-solutions.online\/testwp4\/wp-content\/uploads\/2025\/09\/wireframe-img-1-e1708013680578-300x300.png 300w, https:\/\/lb-solutions.online\/testwp4\/wp-content\/uploads\/2025\/09\/wireframe-img-1-e1708013680578-150x150.png 150w, https:\/\/lb-solutions.online\/testwp4\/wp-content\/uploads\/2025\/09\/wireframe-img-1-e1708013680578-768x767.png 768w, https:\/\/lb-solutions.online\/testwp4\/wp-content\/uploads\/2025\/09\/wireframe-img-1-e1708013680578.png 1081w\" sizes=\"auto, (max-width: 800px) 100vw, 800px\" \/>\t\t\t\t\t\t\t\t\t\t\t\t\t\t\t\t<\/p>\n<h2>Produit 2<\/h2>\n<h2>22$<\/h2>\n<p>\t\t\t\t\t\t\t\t\t\t\t\t\t\t\t<img loading=\"lazy\" decoding=\"async\" width=\"800\" height=\"800\" src=\"https:\/\/lb-solutions.online\/testwp4\/wp-content\/uploads\/2025\/09\/wireframe-img-1-e1708013680578-1024x1024.png\" alt=\"\" srcset=\"https:\/\/lb-solutions.online\/testwp4\/wp-content\/uploads\/2025\/09\/wireframe-img-1-e1708013680578-1024x1024.png 1024w, https:\/\/lb-solutions.online\/testwp4\/wp-content\/uploads\/2025\/09\/wireframe-img-1-e1708013680578-300x300.png 300w, https:\/\/lb-solutions.online\/testwp4\/wp-content\/uploads\/2025\/09\/wireframe-img-1-e1708013680578-150x150.png 150w, https:\/\/lb-solutions.online\/testwp4\/wp-content\/uploads\/2025\/09\/wireframe-img-1-e1708013680578-768x767.png 768w, https:\/\/lb-solutions.online\/testwp4\/wp-content\/uploads\/2025\/09\/wireframe-img-1-e1708013680578.png 1081w\" sizes=\"auto, (max-width: 800px) 100vw, 800px\" \/>\t\t\t\t\t\t\t\t\t\t\t\t\t\t\t\t<\/p>\n<h2>Produit 3<\/h2>\n<h2>22$<\/h2>\n<h2>Ne manquez pas notre offre exceptionnelle !<\/h2>\n<p>\t\t\t\t\t\t\t\t\t\t<a href=\"#\"><br \/>\n\t\t\t\t\t\t\t\t\tProfitez-en<br \/>\n\t\t\t\t\t<\/a><\/p>\n<h2>T\u00e9moignages de nos clients<\/h2>\n<h3>Nos clients appr\u00e9cient notre collaboration, d\u00e9couvrez leurs avis!<\/h3>\n<p>\t\t\t\t\t\t\t\u00ab Un service exceptionnel avec un soutien constant, toujours r\u00e9actifs. Je les recommande sans h\u00e9siter ! \u00bb<br \/>\n\t\t\t\t\t\t\t<img loading=\"lazy\" decoding=\"async\" width=\"1081\" height=\"1080\" src=\"https:\/\/lb-solutions.online\/testwp4\/wp-content\/uploads\/2025\/09\/wireframe-img-1-e1708013680578.png\" alt=\"\" \/><br \/>\n\t\t\t\t\t\t\t\t\t\t\t\t\t\tJulien Martin<br \/>\n\t\t\t\t\t\t\t\t\t\t\t\t\t\t\t\t\t\t\t\t\t\tResponsable Marketing | XYZ<br \/>\n\t\t\t\t\t\t\t\u00ab Une \u00e9quipe r\u00e9active et comp\u00e9tente, je suis pleinement satisfait de leur service ! \u00bb<br \/>\n\t\t\t\t\t\t\t<img loading=\"lazy\" decoding=\"async\" width=\"1081\" height=\"1080\" src=\"https:\/\/lb-solutions.online\/testwp4\/wp-content\/uploads\/2025\/09\/wireframe-img-1-e1708013680578.png\" alt=\"\" \/><br \/>\n\t\t\t\t\t\t\t\t\t\t\t\t\t\tSophie Lemoine<br \/>\n\t\t\t\t\t\t\t\t\t\t\t\t\t\t\t\t\t\t\t\t\t\tDirectrice | ABC Corp.<br \/>\n\t\t\t\t\t\t\t\u00ab Un accompagnement sur mesure et une r\u00e9activit\u00e9 exemplaire, je ne peux que les recommander ! \u00bb<br \/>\n\t\t\t\t\t\t\t<img loading=\"lazy\" decoding=\"async\" width=\"1081\" height=\"1080\" src=\"https:\/\/lb-solutions.online\/testwp4\/wp-content\/uploads\/2025\/09\/wireframe-img-1-e1708013680578.png\" alt=\"\" \/><br \/>\n\t\t\t\t\t\t\t\t\t\t\t\t\t\tLucas Dubois<br \/>\n\t\t\t\t\t\t\t\t\t\t\t\t\t\t\t\t\t\t\t\t\t\tCEO | 123 Solutions<br \/>\n\t\t\t\t\t\t\t\u00ab Une exp\u00e9rience formidable avec une \u00e9quipe \u00e0 l&rsquo;\u00e9coute et r\u00e9active. Je reviendrai sans h\u00e9siter ! \u00bb<br \/>\n\t\t\t\t\t\t\t<img loading=\"lazy\" decoding=\"async\" width=\"1081\" height=\"1080\" src=\"https:\/\/lb-solutions.online\/testwp4\/wp-content\/uploads\/2025\/09\/wireframe-img-1-e1708013680578.png\" alt=\"\" \/><br \/>\n\t\t\t\t\t\t\t\t\t\t\t\t\t\tEmma Lef\u00e8vre<br \/>\n\t\t\t\t\t\t\t\t\t\t\t\t\t\t\t\t\t\t\t\t\t\tConsultante | Groupe DEF<\/p>\n<h2>Questions Fr\u00e9quemment Pos\u00e9es<\/h2>\n<h5>Trouvez des r\u00e9ponses \u00e0 vos questions fr\u00e9quentes.<\/h5>\n<p>\t\t\t\t\t\t\t\t\t\t\t\t\t\t\t<svg viewBox=\"0 0 192 512\" xmlns=\"http:\/\/www.w3.org\/2000\/svg\"><path d=\"M0 384.662V127.338c0-17.818 21.543-26.741 34.142-14.142l128.662 128.662c7.81 7.81 7.81 20.474 0 28.284L34.142 398.804C21.543 411.404 0 402.48 0 384.662z\"><\/path><\/svg><br \/>\n\t\t\t\t\t\t\t\t<svg viewBox=\"0 0 320 512\" xmlns=\"http:\/\/www.w3.org\/2000\/svg\"><path d=\"M288.662 352H31.338c-17.818 0-26.741-21.543-14.142-34.142l128.662-128.662c7.81-7.81 20.474-7.81 28.284 0l128.662 128.662c12.6 12.599 3.676 34.142-14.142 34.142z\"><\/path><\/svg><br \/>\n\t\t\t\t\t\t\t\t\t\t\t\t<a tabindex=\"0\">Quels services proposez-vous?<\/a><\/p>\n<p>Nous offrons une large gamme de services num\u00e9riques, notamment la cr\u00e9ation de sites web, la gestion des r\u00e9seaux sociaux, l\u2019optimisation SEO, et bien plus encore pour am\u00e9liorer votre visibilit\u00e9 en ligne.<\/p>\n<p>\t\t\t\t\t\t\t\t\t\t\t\t\t\t\t<svg viewBox=\"0 0 192 512\" xmlns=\"http:\/\/www.w3.org\/2000\/svg\"><path d=\"M0 384.662V127.338c0-17.818 21.543-26.741 34.142-14.142l128.662 128.662c7.81 7.81 7.81 20.474 0 28.284L34.142 398.804C21.543 411.404 0 402.48 0 384.662z\"><\/path><\/svg><br \/>\n\t\t\t\t\t\t\t\t<svg viewBox=\"0 0 320 512\" xmlns=\"http:\/\/www.w3.org\/2000\/svg\"><path d=\"M288.662 352H31.338c-17.818 0-26.741-21.543-14.142-34.142l128.662-128.662c7.81-7.81 20.474-7.81 28.284 0l128.662 128.662c12.6 12.599 3.676 34.142-14.142 34.142z\"><\/path><\/svg><br \/>\n\t\t\t\t\t\t\t\t\t\t\t\t<a tabindex=\"0\">Comment me contacter?<\/a><\/p>\n<p>Vous pouvez nous contacter via notre formulaire en ligne, par email, ou directement par t\u00e9l\u00e9phone. Nous sommes l\u00e0 pour vous aider!<\/p>\n<p>\t\t\t\t\t\t\t\t\t\t\t\t\t\t\t<svg viewBox=\"0 0 192 512\" xmlns=\"http:\/\/www.w3.org\/2000\/svg\"><path d=\"M0 384.662V127.338c0-17.818 21.543-26.741 34.142-14.142l128.662 128.662c7.81 7.81 7.81 20.474 0 28.284L34.142 398.804C21.543 411.404 0 402.48 0 384.662z\"><\/path><\/svg><br \/>\n\t\t\t\t\t\t\t\t<svg viewBox=\"0 0 320 512\" xmlns=\"http:\/\/www.w3.org\/2000\/svg\"><path d=\"M288.662 352H31.338c-17.818 0-26.741-21.543-14.142-34.142l128.662-128.662c7.81-7.81 20.474-7.81 28.284 0l128.662 128.662c12.6 12.599 3.676 34.142-14.142 34.142z\"><\/path><\/svg><br \/>\n\t\t\t\t\t\t\t\t\t\t\t\t<a tabindex=\"0\">Quels sont vos tarifs?<\/a><\/p>\n<p>Nos tarifs d\u00e9pendent des services souhait\u00e9s. N&rsquo;h\u00e9sitez pas \u00e0 nous demander un devis personnalis\u00e9 pour en savoir plus sur nos offres.<\/p>\n<p>\t\t\t\t\t\t\t\t\t\t\t\t\t\t\t<svg viewBox=\"0 0 192 512\" xmlns=\"http:\/\/www.w3.org\/2000\/svg\"><path d=\"M0 384.662V127.338c0-17.818 21.543-26.741 34.142-14.142l128.662 128.662c7.81 7.81 7.81 20.474 0 28.284L34.142 398.804C21.543 411.404 0 402.48 0 384.662z\"><\/path><\/svg><br \/>\n\t\t\t\t\t\t\t\t<svg viewBox=\"0 0 320 512\" xmlns=\"http:\/\/www.w3.org\/2000\/svg\"><path d=\"M288.662 352H31.338c-17.818 0-26.741-21.543-14.142-34.142l128.662-128.662c7.81-7.81 20.474-7.81 28.284 0l128.662 128.662c12.6 12.599 3.676 34.142-14.142 34.142z\"><\/path><\/svg><br \/>\n\t\t\t\t\t\t\t\t\t\t\t\t<a tabindex=\"0\">Proposez-vous du support?<\/a><\/p>\n<p>Oui, nous offrons un support continu \u00e0 nos clients pour r\u00e9pondre \u00e0 toutes vos pr\u00e9occupations ou questions sur nos services.<\/p>\n<p>\t\t\t\t\t\t\t\t\t\t\t\t\t\t\t<svg viewBox=\"0 0 192 512\" xmlns=\"http:\/\/www.w3.org\/2000\/svg\"><path d=\"M0 384.662V127.338c0-17.818 21.543-26.741 34.142-14.142l128.662 128.662c7.81 7.81 7.81 20.474 0 28.284L34.142 398.804C21.543 411.404 0 402.48 0 384.662z\"><\/path><\/svg><br \/>\n\t\t\t\t\t\t\t\t<svg viewBox=\"0 0 320 512\" xmlns=\"http:\/\/www.w3.org\/2000\/svg\"><path d=\"M288.662 352H31.338c-17.818 0-26.741-21.543-14.142-34.142l128.662-128.662c7.81-7.81 20.474-7.81 28.284 0l128.662 128.662c12.6 12.599 3.676 34.142-14.142 34.142z\"><\/path><\/svg><br \/>\n\t\t\t\t\t\t\t\t\t\t\t\t<a tabindex=\"0\">En combien de temps d\u00e9marrez-vous?<\/a><\/p>\n<p>Nous nous engageons \u00e0 d\u00e9marrer les projets rapidement apr\u00e8s validation pour assurer la satisfaction de nos clients.<\/p>\n<p>\t\t\t\t\t\t\t\t\t\t\t\t\t\t\t<svg viewBox=\"0 0 192 512\" xmlns=\"http:\/\/www.w3.org\/2000\/svg\"><path d=\"M0 384.662V127.338c0-17.818 21.543-26.741 34.142-14.142l128.662 128.662c7.81 7.81 7.81 20.474 0 28.284L34.142 398.804C21.543 411.404 0 402.48 0 384.662z\"><\/path><\/svg><br \/>\n\t\t\t\t\t\t\t\t<svg viewBox=\"0 0 320 512\" xmlns=\"http:\/\/www.w3.org\/2000\/svg\"><path d=\"M288.662 352H31.338c-17.818 0-26.741-21.543-14.142-34.142l128.662-128.662c7.81-7.81 20.474-7.81 28.284 0l128.662 128.662c12.6 12.599 3.676 34.142-14.142 34.142z\"><\/path><\/svg><br \/>\n\t\t\t\t\t\t\t\t\t\t\t\t<a tabindex=\"0\">Que faire si j\u2019ai d\u2019autres questions?<\/a><\/p>\n<p>N\u2019h\u00e9sitez pas \u00e0 nous contacter directement. Nous sommes toujours heureux de r\u00e9pondre \u00e0 vos questions et d&rsquo;\u00e9changer avec vous.<\/p>\n<h3>Vous avez encore des questions?<\/h3>\n<p>Nous sommes l\u00e0 pour vous aider \u00e0 chaque \u00e9tape.<\/p>\n<p>\t\t\t\t\t\t\t\t<a href=\"#\"><br \/>\n\t\t\t\t\t\t\t\t\tContactez-nous<br \/>\n\t\t\t\t\t<\/a><\/p>\n<h2>Restez inform\u00e9 des derni\u00e8res nouveaut\u00e9s<\/h2>\n<p>Inscrivez-vous pour recevoir nos mises \u00e0 jour r\u00e9guli\u00e8res et profitez d&rsquo;offres exclusives qui vous aideront \u00e0 d\u00e9velopper votre activit\u00e9. Ne manquez pas ces informations pr\u00e9cieuses!<\/p>\n<p>En vous inscrivant, vous confirmez que vous acceptez nos Conditions G\u00e9n\u00e9rales.<\/p>\n","protected":false},"excerpt":{"rendered":"<p>D\u00e9couvrez notre univers Explorez nos services digitaux Bienvenue sur notre site ! Nous sommes d\u00e9di\u00e9s \u00e0 aider les petites et moyennes entreprises \u00e0 \u00e9tablir leur pr\u00e9sence en ligne. Nos services incluent la cr\u00e9ation de sites web, la gestion des r\u00e9seaux sociaux, et bien plus encore. Explorez nos solutions et d\u00e9couvrez comment nous pouvons vous accompagner [&hellip;]<\/p>\n","protected":false},"author":1,"featured_media":0,"parent":0,"menu_order":0,"comment_status":"closed","ping_status":"closed","template":"","meta":{"pagelayer_contact_templates":[],"_pagelayer_content":"","footnotes":""},"class_list":["post-12","page","type-page","status-publish","hentry"],"_links":{"self":[{"href":"https:\/\/lb-solutions.online\/testwp4\/wp-json\/wp\/v2\/pages\/12","targetHints":{"allow":["GET"]}}],"collection":[{"href":"https:\/\/lb-solutions.online\/testwp4\/wp-json\/wp\/v2\/pages"}],"about":[{"href":"https:\/\/lb-solutions.online\/testwp4\/wp-json\/wp\/v2\/types\/page"}],"author":[{"embeddable":true,"href":"https:\/\/lb-solutions.online\/testwp4\/wp-json\/wp\/v2\/users\/1"}],"replies":[{"embeddable":true,"href":"https:\/\/lb-solutions.online\/testwp4\/wp-json\/wp\/v2\/comments?post=12"}],"version-history":[{"count":1,"href":"https:\/\/lb-solutions.online\/testwp4\/wp-json\/wp\/v2\/pages\/12\/revisions"}],"predecessor-version":[{"id":42,"href":"https:\/\/lb-solutions.online\/testwp4\/wp-json\/wp\/v2\/pages\/12\/revisions\/42"}],"wp:attachment":[{"href":"https:\/\/lb-solutions.online\/testwp4\/wp-json\/wp\/v2\/media?parent=12"}],"curies":[{"name":"wp","href":"https:\/\/api.w.org\/{rel}","templated":true}]}}