{"id":9,"date":"2025-09-01T01:27:31","date_gmt":"2025-09-01T01:27:31","guid":{"rendered":"https:\/\/lb-solutions.online\/testwp4\/services\/"},"modified":"2025-09-01T01:27:50","modified_gmt":"2025-09-01T01:27:50","slug":"services","status":"publish","type":"page","link":"https:\/\/lb-solutions.online\/testwp4\/services\/","title":{"rendered":"Services"},"content":{"rendered":"<h2>D\u00e9couvrez nos services<\/h2>\n<p>Nous offrons des solutions num\u00e9riques sur mesure pour les PME, alliant cr\u00e9ativit\u00e9 et technologie. Que ce soit pour d\u00e9velopper votre site web, g\u00e9rer votre e-r\u00e9putation ou optimiser votre pr\u00e9sence sur les r\u00e9seaux sociaux, notre \u00e9quipe est l\u00e0 pour vous accompagner. Explorez notre gamme de services et transformez votre vision en r\u00e9alit\u00e9.<\/p>\n<p>\t\t\t\t\t\t\t\t\t\t\t\t\t<img loading=\"lazy\" decoding=\"async\" width=\"800\" height=\"800\" src=\"https:\/\/lb-solutions.online\/testwp4\/wp-content\/uploads\/2025\/09\/wireframe-img-1-e1708013680578-1024x1024.png\" alt=\"\" srcset=\"https:\/\/lb-solutions.online\/testwp4\/wp-content\/uploads\/2025\/09\/wireframe-img-1-e1708013680578-1024x1024.png 1024w, https:\/\/lb-solutions.online\/testwp4\/wp-content\/uploads\/2025\/09\/wireframe-img-1-e1708013680578-300x300.png 300w, https:\/\/lb-solutions.online\/testwp4\/wp-content\/uploads\/2025\/09\/wireframe-img-1-e1708013680578-150x150.png 150w, https:\/\/lb-solutions.online\/testwp4\/wp-content\/uploads\/2025\/09\/wireframe-img-1-e1708013680578-768x767.png 768w, https:\/\/lb-solutions.online\/testwp4\/wp-content\/uploads\/2025\/09\/wireframe-img-1-e1708013680578.png 1081w\" sizes=\"auto, (max-width: 800px) 100vw, 800px\" \/>\t\t\t\t\t\t\t\t\t\t\t\t\t\t\t\t<\/p>\n<h6>Nos Services<\/h6>\n<h2>D\u00e9tails de nos services de cr\u00e9ation de sites web<\/h2>\n<h3>\n\t\t\t\t\t\t\tCr\u00e9ation de sites web<br \/>\n\t\t\t\t\t<\/h3>\n<p>\n\t\t\t\t\t\tD\u00e9veloppez une pr\u00e9sence en ligne forte avec nos sites web professionnels et personnalis\u00e9s.\t\t\t\t\t<\/p>\n<h3>\n\t\t\t\t\t\t\tOptimisation SEO<br \/>\n\t\t\t\t\t<\/h3>\n<p>\n\t\t\t\t\t\tAm\u00e9liorez votre visibilit\u00e9 sur les moteurs de recherche gr\u00e2ce \u00e0 notre expertise en SEO.\t\t\t\t\t<\/p>\n<h3>\n\t\t\t\t\t\t\tGestion des r\u00e9seaux sociaux<br \/>\n\t\t\t\t\t<\/h3>\n<p>\n\t\t\t\t\t\tRenforcez votre communication avec votre audience en optimisant vos r\u00e9seaux sociaux.\t\t\t\t\t<\/p>\n<h3>\n\t\t\t\t\t\t\tSupport Client<br \/>\n\t\t\t\t\t<\/h3>\n<p>\n\t\t\t\t\t\tB\u00e9n\u00e9ficiez d&rsquo;un support d\u00e9di\u00e9 pour r\u00e9pondre \u00e0 toutes vos questions et pr\u00e9occupations.\t\t\t\t\t<\/p>\n<h3>\n\t\t\t\t\t\t\tInt\u00e9gration de chatbots<br \/>\n\t\t\t\t\t<\/h3>\n<p>\n\t\t\t\t\t\tFacilitez l&rsquo;interaction client avec des chatbots disponibles 24h\/24.\t\t\t\t\t<\/p>\n<h3>\n\t\t\t\t\t\t\tGestion de la r\u00e9putation en ligne<br \/>\n\t\t\t\t\t<\/h3>\n<p>\n\t\t\t\t\t\tPrenez le contr\u00f4le de votre image en ligne et g\u00e9rez efficacement vos avis clients.\t\t\t\t\t<\/p>\n<p>\t\t\t\t\t\t\t\t\t\t\t\t\t\t\t\t\t<img loading=\"lazy\" decoding=\"async\" width=\"800\" height=\"800\" src=\"https:\/\/lb-solutions.online\/testwp4\/wp-content\/uploads\/2025\/09\/wireframe-img-1-e1708013680578-1024x1024.png\" alt=\"\" srcset=\"https:\/\/lb-solutions.online\/testwp4\/wp-content\/uploads\/2025\/09\/wireframe-img-1-e1708013680578-1024x1024.png 1024w, https:\/\/lb-solutions.online\/testwp4\/wp-content\/uploads\/2025\/09\/wireframe-img-1-e1708013680578-300x300.png 300w, https:\/\/lb-solutions.online\/testwp4\/wp-content\/uploads\/2025\/09\/wireframe-img-1-e1708013680578-150x150.png 150w, https:\/\/lb-solutions.online\/testwp4\/wp-content\/uploads\/2025\/09\/wireframe-img-1-e1708013680578-768x767.png 768w, https:\/\/lb-solutions.online\/testwp4\/wp-content\/uploads\/2025\/09\/wireframe-img-1-e1708013680578.png 1081w\" sizes=\"auto, (max-width: 800px) 100vw, 800px\" \/>\t\t\t\t\t\t\t\t\t\t\t\t\t\t\t\t<\/p>\n<h6>Nos Services<\/h6>\n<h2>D\u00e9tails sur nos offres de services<\/h2>\n<h3>\n\t\t\t\t\t\t\tCr\u00e9ation de sites web<br \/>\n\t\t\t\t\t<\/h3>\n<p>\n\t\t\t\t\t\tD\u00e9veloppez votre pr\u00e9sence en ligne avec un site web professionnel et adapt\u00e9 \u00e0 vos besoins.\t\t\t\t\t<\/p>\n<h3>\n\t\t\t\t\t\t\tGestion des r\u00e9seaux sociaux<br \/>\n\t\t\t\t\t<\/h3>\n<p>\n\t\t\t\t\t\tOptimisez votre impact digital gr\u00e2ce \u00e0 une gestion efficace de vos comptes sociaux.\t\t\t\t\t<\/p>\n<h3>\n\t\t\t\t\t\t\tOptimisation SEO<br \/>\n\t\t\t\t\t<\/h3>\n<p>\n\t\t\t\t\t\tAm\u00e9liorez votre visibilit\u00e9 sur le web avec nos strat\u00e9gies d&rsquo;optimisation de contenu.\t\t\t\t\t<\/p>\n<h3>\n\t\t\t\t\t\t\tGestion de la r\u00e9putation<br \/>\n\t\t\t\t\t<\/h3>\n<p>\n\t\t\t\t\t\tSurveillez votre image et g\u00e9rez les avis en ligne pour b\u00e2tir la confiance.\t\t\t\t\t<\/p>\n<h3>\n\t\t\t\t\t\t\tD\u00e9veloppement d&rsquo;applications<br \/>\n\t\t\t\t\t<\/h3>\n<p>\n\t\t\t\t\t\tCr\u00e9ez des applications sur mesure pour engager vos clients efficacement.\t\t\t\t\t<\/p>\n<h3>\n\t\t\t\t\t\t\tInt\u00e9gration de chatbots<br \/>\n\t\t\t\t\t<\/h3>\n<p>\n\t\t\t\t\t\tImpl\u00e9mentez des solutions de chatbots pour am\u00e9liorer l&rsquo;exp\u00e9rience client.\t\t\t\t\t<\/p>\n<h2>Demandez votre devis personnalis\u00e9 d\u00e8s maintenant!<\/h2>\n<p>\t\t\t\t\t\t\t\t\t\t<a href=\"#\"><br \/>\n\t\t\t\t\t\t\t\t\tContactez-nous<br \/>\n\t\t\t\t\t<\/a><\/p>\n<h2>Avis de nos clients<\/h2>\n<h5>Nos clients appr\u00e9cient nos services, voici quelques t\u00e9moignages.<\/h5>\n<h2>Questions Fr\u00e9quentes<\/h2>\n<h5>D\u00e9couvrez nos r\u00e9ponses aux questions les plus courantes.<\/h5>\n<p>\t\t\t\t\t\t\t\t\t\t\t\t\t\t\t<img loading=\"lazy\" decoding=\"async\" width=\"800\" height=\"800\" src=\"https:\/\/lb-solutions.online\/testwp4\/wp-content\/uploads\/2025\/09\/wireframe-img-1-e1708013680578-1024x1024.png\" alt=\"\" srcset=\"https:\/\/lb-solutions.online\/testwp4\/wp-content\/uploads\/2025\/09\/wireframe-img-1-e1708013680578-1024x1024.png 1024w, https:\/\/lb-solutions.online\/testwp4\/wp-content\/uploads\/2025\/09\/wireframe-img-1-e1708013680578-300x300.png 300w, https:\/\/lb-solutions.online\/testwp4\/wp-content\/uploads\/2025\/09\/wireframe-img-1-e1708013680578-150x150.png 150w, https:\/\/lb-solutions.online\/testwp4\/wp-content\/uploads\/2025\/09\/wireframe-img-1-e1708013680578-768x767.png 768w, https:\/\/lb-solutions.online\/testwp4\/wp-content\/uploads\/2025\/09\/wireframe-img-1-e1708013680578.png 1081w\" sizes=\"auto, (max-width: 800px) 100vw, 800px\" \/><br \/>\n\t\t\t\t\t\t\t\t\t\t\t\t\t\t\t<svg viewBox=\"0 0 192 512\" xmlns=\"http:\/\/www.w3.org\/2000\/svg\"><path d=\"M0 384.662V127.338c0-17.818 21.543-26.741 34.142-14.142l128.662 128.662c7.81 7.81 7.81 20.474 0 28.284L34.142 398.804C21.543 411.404 0 402.48 0 384.662z\"><\/path><\/svg><br \/>\n\t\t\t\t\t\t\t\t<svg viewBox=\"0 0 320 512\" xmlns=\"http:\/\/www.w3.org\/2000\/svg\"><path d=\"M288.662 352H31.338c-17.818 0-26.741-21.543-14.142-34.142l128.662-128.662c7.81-7.81 20.474-7.81 28.284 0l128.662 128.662c12.6 12.599 3.676 34.142-14.142 34.142z\"><\/path><\/svg><br \/>\n\t\t\t\t\t\t\t\t\t\t\t\t<a tabindex=\"0\">Comment cr\u00e9er mon site web ?<\/a><\/p>\n<p>La cr\u00e9ation de votre site web d\u00e9bute par un \u00e9change sur vos besoins. Nous vous guidons \u00e0 chaque \u00e9tape, de la conception \u00e0 la mise en ligne. Nous utilisons des outils accessibles pour vous permettre de g\u00e9rer votre contenu facilement par la suite.<\/p>\n<p>\t\t\t\t\t\t\t\t\t\t\t\t\t\t\t<svg viewBox=\"0 0 192 512\" xmlns=\"http:\/\/www.w3.org\/2000\/svg\"><path d=\"M0 384.662V127.338c0-17.818 21.543-26.741 34.142-14.142l128.662 128.662c7.81 7.81 7.81 20.474 0 28.284L34.142 398.804C21.543 411.404 0 402.48 0 384.662z\"><\/path><\/svg><br \/>\n\t\t\t\t\t\t\t\t<svg viewBox=\"0 0 320 512\" xmlns=\"http:\/\/www.w3.org\/2000\/svg\"><path d=\"M288.662 352H31.338c-17.818 0-26.741-21.543-14.142-34.142l128.662-128.662c7.81-7.81 20.474-7.81 28.284 0l128.662 128.662c12.6 12.599 3.676 34.142-14.142 34.142z\"><\/path><\/svg><br \/>\n\t\t\t\t\t\t\t\t\t\t\t\t<a tabindex=\"0\">Quels services proposez-vous ?<\/a><\/p>\n<p>Nous offrons une gamme de services num\u00e9riques, incluant la cr\u00e9ation de sites web, la gestion des r\u00e9seaux sociaux, l&rsquo;optimisation SEO et le d\u00e9veloppement d&rsquo;applications. Nous sommes l\u00e0 pour optimiser votre e-r\u00e9putation et engager vos clients efficacement.<\/p>\n<p>\t\t\t\t\t\t\t\t\t\t\t\t\t\t\t<svg viewBox=\"0 0 192 512\" xmlns=\"http:\/\/www.w3.org\/2000\/svg\"><path d=\"M0 384.662V127.338c0-17.818 21.543-26.741 34.142-14.142l128.662 128.662c7.81 7.81 7.81 20.474 0 28.284L34.142 398.804C21.543 411.404 0 402.48 0 384.662z\"><\/path><\/svg><br \/>\n\t\t\t\t\t\t\t\t<svg viewBox=\"0 0 320 512\" xmlns=\"http:\/\/www.w3.org\/2000\/svg\"><path d=\"M288.662 352H31.338c-17.818 0-26.741-21.543-14.142-34.142l128.662-128.662c7.81-7.81 20.474-7.81 28.284 0l128.662 128.662c12.6 12.599 3.676 34.142-14.142 34.142z\"><\/path><\/svg><br \/>\n\t\t\t\t\t\t\t\t\t\t\t\t<a tabindex=\"0\">Comment optimiser ma visibilit\u00e9 en ligne ?<\/a><\/p>\n<p>Pour am\u00e9liorer votre visibilit\u00e9, nous mettons en place des strat\u00e9gies SEO adapt\u00e9es \u00e0 votre secteur. Cela inclut l&rsquo;optimisation de votre site, la cr\u00e9ation de contenu de qualit\u00e9 et un suivi r\u00e9gulier de vos performances pour ajuster notre approche.<\/p>\n<p>\t\t\t\t\t\t\t\t\t\t\t\t\t\t\t<svg viewBox=\"0 0 192 512\" xmlns=\"http:\/\/www.w3.org\/2000\/svg\"><path d=\"M0 384.662V127.338c0-17.818 21.543-26.741 34.142-14.142l128.662 128.662c7.81 7.81 7.81 20.474 0 28.284L34.142 398.804C21.543 411.404 0 402.48 0 384.662z\"><\/path><\/svg><br \/>\n\t\t\t\t\t\t\t\t<svg viewBox=\"0 0 320 512\" xmlns=\"http:\/\/www.w3.org\/2000\/svg\"><path d=\"M288.662 352H31.338c-17.818 0-26.741-21.543-14.142-34.142l128.662-128.662c7.81-7.81 20.474-7.81 28.284 0l128.662 128.662c12.6 12.599 3.676 34.142-14.142 34.142z\"><\/path><\/svg><br \/>\n\t\t\t\t\t\t\t\t\t\t\t\t<a tabindex=\"0\">Quels sont vos d\u00e9lais ?<\/a><\/p>\n<p>Les d\u00e9lais d\u00e9pendent de la complexit\u00e9 de votre projet. En g\u00e9n\u00e9ral, nous \u00e9valuons les besoins et vous fournissons un calendrier d\u00e9taill\u00e9. Nous nous engageons \u00e0 respecter les d\u00e9lais convenus afin de garantir la satisfaction de nos clients.<\/p>\n<p>\t\t\t\t\t\t\t\t\t\t\t\t\t\t\t<svg viewBox=\"0 0 192 512\" xmlns=\"http:\/\/www.w3.org\/2000\/svg\"><path d=\"M0 384.662V127.338c0-17.818 21.543-26.741 34.142-14.142l128.662 128.662c7.81 7.81 7.81 20.474 0 28.284L34.142 398.804C21.543 411.404 0 402.48 0 384.662z\"><\/path><\/svg><br \/>\n\t\t\t\t\t\t\t\t<svg viewBox=\"0 0 320 512\" xmlns=\"http:\/\/www.w3.org\/2000\/svg\"><path d=\"M288.662 352H31.338c-17.818 0-26.741-21.543-14.142-34.142l128.662-128.662c7.81-7.81 20.474-7.81 28.284 0l128.662 128.662c12.6 12.599 3.676 34.142-14.142 34.142z\"><\/path><\/svg><br \/>\n\t\t\t\t\t\t\t\t\t\t\t\t<a tabindex=\"0\">Comment contacter votre \u00e9quipe ?<\/a><\/p>\n<p>Pour toute question, notre \u00e9quipe est disponible via notre formulaire de contact en ligne, par e-mail ou t\u00e9l\u00e9phone. Nous nous engageons \u00e0 r\u00e9pondre rapidement pour vous accompagner efficacement dans votre projet.<\/p>\n<h2>Restez inform\u00e9 des derni\u00e8res nouvelles<\/h2>\n<p>Abonnez-vous \u00e0 notre newsletter pour recevoir des mises \u00e0 jour sur nos services, des conseils pratiques et des actualit\u00e9s. Ne manquez pas l&rsquo;occasion de rester connect\u00e9 et \u00e9clair\u00e9 !<\/p>\n","protected":false},"excerpt":{"rendered":"<p>D\u00e9couvrez nos services Nous offrons des solutions num\u00e9riques sur mesure pour les PME, alliant cr\u00e9ativit\u00e9 et technologie. Que ce soit pour d\u00e9velopper votre site web, g\u00e9rer votre e-r\u00e9putation ou optimiser votre pr\u00e9sence sur les r\u00e9seaux sociaux, notre \u00e9quipe est l\u00e0 pour vous accompagner. Explorez notre gamme de services et transformez votre vision en r\u00e9alit\u00e9. Nos [&hellip;]<\/p>\n","protected":false},"author":1,"featured_media":0,"parent":0,"menu_order":0,"comment_status":"closed","ping_status":"closed","template":"","meta":{"pagelayer_contact_templates":[],"_pagelayer_content":"","footnotes":""},"class_list":["post-9","page","type-page","status-publish","hentry"],"_links":{"self":[{"href":"https:\/\/lb-solutions.online\/testwp4\/wp-json\/wp\/v2\/pages\/9","targetHints":{"allow":["GET"]}}],"collection":[{"href":"https:\/\/lb-solutions.online\/testwp4\/wp-json\/wp\/v2\/pages"}],"about":[{"href":"https:\/\/lb-solutions.online\/testwp4\/wp-json\/wp\/v2\/types\/page"}],"author":[{"embeddable":true,"href":"https:\/\/lb-solutions.online\/testwp4\/wp-json\/wp\/v2\/users\/1"}],"replies":[{"embeddable":true,"href":"https:\/\/lb-solutions.online\/testwp4\/wp-json\/wp\/v2\/comments?post=9"}],"version-history":[{"count":1,"href":"https:\/\/lb-solutions.online\/testwp4\/wp-json\/wp\/v2\/pages\/9\/revisions"}],"predecessor-version":[{"id":31,"href":"https:\/\/lb-solutions.online\/testwp4\/wp-json\/wp\/v2\/pages\/9\/revisions\/31"}],"wp:attachment":[{"href":"https:\/\/lb-solutions.online\/testwp4\/wp-json\/wp\/v2\/media?parent=9"}],"curies":[{"name":"wp","href":"https:\/\/api.w.org\/{rel}","templated":true}]}}